t derivative of -n**4/4 - 4*n**3/3 + n**2 - 20*n - 946. What is u(-5)?
-5
Let u(j) = -j**2 + 10*j - 10. Let w be u(9). Let p(b) = 1. Let d(c) = 2*c - 3. Let f(x) = w*d(x) + 2*p(x). Let g = -12 + 16. Give f(g).
-3
Let k be 2 - 0 - (-29 - -20). Let c(n) = n + 16. Calculate c(k).
27
Let g(a) be the second derivative of -a**4/12 + 11*a**3/6 + 2*a**2 - 392*a. Give g(11).
4
Let f(g) = 7*g**2 - 5*g - 14. Let j(n) = -2*n**2 + 2. Let l(q) = -f(q) - 3*j(q). Calculate l(6).
2
Let j(n) = -n**2 - 2*n + 3. Suppose i - 8*i + 28 = 0. Suppose i*g - 23 = -5*b, -4*g + 0 = -b - 5. Calculate j(g).
-5
Let w(d) = 2*d + 3*d - d - 72301 + d**2 + 72301. Suppose -2*b - b = 15. What is w(b)?
5
Let g(q) be the first derivative of -q**2/2 + 2*q + 276. Calculate g(1).
1
Let q = -128 + 138. Let s(y) = 2*y + 1. Let l(k) = -1 + 2*k + k + 2. Let z(t) = q*s(t) - 6*l(t). What is z(3)?
10
Let u(n) = 15*n - 9. Let h(v) = v - 2. Let a(o) = 12*h(o) - u(o). Give a(-7).
6
Suppose 2*f - 6*f + 8 = -3*j, 19 = -5*j + f. Let k(s) = -s**3 - 3*s**2 + 5*s - 1. Give k(j).
-5
Let m = -64 + 85. Suppose 0 = 9*f + m + 24. Let g(r) = -r + 6. Calculate g(f).
11
Let h(i) be the third derivative of i**6/720 - 23*i**4/24 + 15*i**2. Let a(c) be the second derivative of h(c). What is a(-1)?
-1
Suppose 0 = 2*a - a + 7. Let z(l) = -l - 10. Let o be z(a). Let v(b) = 4*b + 1. What is v(o)?
-11
Let q = -72 - -74. Let u(w) = w**q + 8 - 7*w - 13 + 0*w**2. What is u(7)?
-5
Let u be (12/(-8))/(6/8). Let k(d) = 13*d - 11*d - 2*d + 2*d**2. Determine k(u).
8
Let k(u) = -3*u**2 - 4*u - 3. Let b(v) = 7*v**2 + 0*v**2 + 60*v + 5 - 52*v. Let o(d) = -2*b(d) - 5*k(d). What is o(-4)?
5
Let d(q) = -q**3 - 6*q**2 - 5*q - 5. Let x(r) = r**3 + 6*r**2 + 4*r + 6. Let j(y) = 3*d(y) + 2*x(y). Calculate j(-5).
7
Let l(u) = -u**3 - 7*u**2 + 6*u + 15. Let t = 15 - 22. Determine l(t).
-27
Let g(h) = -20*h**3 - 17*h**2 - 9*h + 13. Let u(a) = 11*a**3 + 9*a**2 + 5*a - 7. Let i(z) = -6*g(z) - 11*u(z). What is i(2)?
1
Let x(v) = 3*v**3 - 9*v**2 - 15*v + 9. Let m(y) = 10*y**3 - 26*y**2 - 46*y + 28. Let a(l) = 2*m(l) - 7*x(l). What is a(12)?
5
Suppose 0 = -3*n - 7 + 1, w - n = 7. Let r(p) = -p**3 + 5*p**2 + p + 1. Give r(w).
6
Suppose z - 20 = -5*b, -2*b - 17 - 2 = -5*z. Suppose 3*j + 10 = z*j. Suppose -p - j = -6. Let v(h) = -5*h**3 - 2*h + 1. Determine v(p).
-6
Let k(q) = -q**3 + 8*q**2 - 7*q - 3. Let i be k(7). Let g(l) = 2*l**2 + 3*l + 4. What is g(i)?
13
Let v be (-2 + (-4)/(-2))/(-2). Suppose v = -a + 4*a + 96. Let h be (-6)/(-8) - 136/a. Let o(x) = -x**3 + 4*x**2 + 4*x + 6. Calculate o(h).
1
Let r(y) = -y**3 + 6*y**2 - 2*y. Let j be 381*(-5)/(-60)*(-4)/(-1). Let u = -121 + j. Determine r(u).
-12
Let b(i) = 2*i - 11. Suppose -8*f + 9*f = -2*m + 5, -2*f + m + 10 = 0. What is b(f)?
-1
Let m(x) = -2*x - 20. Let h be m(-11). Let d(y) = y**2 - y. What is d(h)?
2
Let l be 4/3 - 34/(-6). Let i(m) = m - 2. Determine i(l).
5
Let f(k) be the third derivative of k**4/24 + k**3/6 - k**2 + 25. What is f(-5)?
-4
Let i(d) = d - 5. Suppose -21*j = j - 286. Determine i(j).
8
Let x(a) = a - 6. Let i be ((-8)/10)/((-1)/10). Let d be x(i). Let c(v) = -7 + 10 + d*v - v. Determine c(-2).
1
Let l(c) = c**2 + 7*c + 1. Suppose 33 = -3*k - 3*p, 13 + 0 = -k - 2*p. Calculate l(k).
19
Let t(w) = -w**3 + 10*w**2 - 6*w - 1. Let o(i) = -i**2. Let k(u) = 4*o(u) + t(u). Suppose -3623 = x - 3628. Calculate k(x).
-6
Let a(k) be the first derivative of k**4/4 + k**3 + 3*k**2/2 + 4*k - 13. Let u be a(-3). Let q(x) = x**3 + 5*x**2 + x + 7. Calculate q(u).
2
Let y = 14 + -14. Let w(j) = -2*j - 8. Let z(s) = -2*s - 11. Let u(g) = g + 5. Let d(m) = 9*u(m) + 4*z(m). Let x(i) = -d(i) - w(i). Calculate x(y).
7
Let a(f) be the first derivative of -f**4/4 - 5*f**3/3 - f**2 + 2*f - 176. Give a(-4).
-6
Let r(s) = -1 + 3 + 0 + 45*s - 43*s. Determine r(6).
14
Let m(u) be the second derivative of 7*u**3/6 - 5*u**2/2 + 166*u. What is m(7)?
44
Let w(y) = 2*y**2 + 8*y - 1. Suppose -242*q - 52 = -229*q. Determine w(q).
-1
Let v(n) = 10*n**2 - 2*n - 1. Suppose -5 - 3 = -2*c - 5*h, -3*c = -h + 5. Determine v(c).
11
Suppose 15 = -5*p, -3*r - 5*p - 5 = 2*r. Suppose -r*b + 9 = 17. Let c(l) = -2*l - 6. Calculate c(b).
2
Let h = -26 + 33. Let a = h - 28. Let t be (-63)/a - (-1 + 6). Let u(k) = 4*k**2 + 2*k - 1. Determine u(t).
11
Let g(y) = 16*y**3 - 38*y**2 - 5*y + 19. Let f(i) = 3*i**3 - 7*i**2 - i + 4. Let h(k) = 11*f(k) - 2*g(k). Determine h(0).
6
Let m(x) be the second derivative of x**5/20 + 11*x**4/12 - 11*x**3/6 + 5*x**2/2 - 2*x - 15. Calculate m(-12).
-7
Let d = 25 - 20. Let a(q) = 2*q**2 - 12*q + 6. Let c be a(d). Let g be ((-3)/(-2))/(c/16). Let m(j) = j**2 + 8*j + 5. Calculate m(g).
-7
Let r = -77 - -80. Let i(d) = -2*d + 2*d**2 - 4 + 3*d + r*d**2 + 3*d + d**3. Calculate i(-4).
-4
Let p be 3 - 3/(-6)*-2. Let m(x) = -48*x + p - 2 + 47*x. Let i(u) = 2*u - 1. Let j(q) = -i(q) + 2*m(q). Give j(1).
-3
Suppose 22*i - 31*i + 117 = 0. Let n(f) = f - 24. Give n(i).
-11
Let k(f) = -6*f**2 + 0 + f**3 + 1 + 5*f - 5. Let n be (-2 - -3 - -3) + (-1)/(-1). Calculate k(n).
-4
Let z(n) = 2*n + 5. Suppose 2 = -2*m + 12. Let t = m - 3. Suppose 5*b = -2*q - 37, q - 3*b - t = 7. What is z(q)?
-7
Let p(u) = u**2 + u. Let l be (-6 - -17)*1/1. Suppose -d + 2*t + 4 = 0, -2*d = -2*t - l + 1. Let k(v) = -v + 8. Let i be k(d). Give p(i).
6
Let i be (-1)/6*3*-16. Let j be (1 + -2)*(i + -12). Let a(w) be the second derivative of -w**4/12 + 5*w**3/6 + w**2/2 + 2*w. Calculate a(j).
5
Let x(y) = -3*y**2 - y + 22. Let t(z) = -5*z**2 - 4*z + 40. Let k(u) = 4*t(u) - 7*x(u). Calculate k(8).
-2
Let c(n) = 5 + 2*n - n + 7. Let y = 48 + -46. Let l be (18/15*1)/(y/(-10)). Calculate c(l).
6
Let z(p) = 7*p**2 - 3*p + 38. Let y(q) = 6*q**2 - 4*q + 34. Let g(v) = 6*y(v) - 5*z(v). What is g(6)?
-4
Let o(f) be the first derivative of 4*f - 9 + 3*f**2 + 1/3*f**3. Calculate o(-5).
-1
Let u(s) = -s + 5. Let d(g) = -7*g + 50. Let j(i) = d(i) - 4*u(i). Calculate j(12).
-6
Let i(z) = z**2 - z - 10. Let d = -8 - -8. Let s be i(d). Let y be 15/s + (-1)/(-2). Let t(m) = -6*m. Give t(y).
6
Suppose -5*p - 3*r = -27, r - 22 - 7 = -5*p. Let i(s) = 10*s - 3 - 19*s + 10*s. Calculate i(p).
3
Let d be 6/(-9)*(0 - 3) - 14. Let o(y) = y**2 + 10*y + 9. Calculate o(d).
33
Let y(q) = q**3 - 8*q**2 + 6*q + 3. Suppose 0 = 4*u - 20, 2*g + u = 3 + 30. Let m = g - 7. Determine y(m).
-4
Let f = 10 + -7. Suppose -2*h - 1 = -f*h. Let u(k) = -13*k**3 + k. Give u(h).
-12
Suppose -11 = -3*z - 5*b + 2, 5*z - 11 = -3*b. Let n(f) = 5*f - z - 4*f - 4*f. What is n(4)?
-13
Suppose -5*a + 4*u = 5*u - 30, -2*a = u - 15. Let j(m) = 5 - m**2 - a + 4*m + 2*m**2 - 1. Calculate j(-5).
4
Suppose 51 = f + 41. Let m(u) = -f - 17*u + 19*u + 6. Let j be 1 + -2 - (-3 + -1). Determine m(j).
2
Let z(m) = -5528*m - 1 + 9 + 5527*m. Calculate z(8).
0
Let k(b) be the third derivative of -b**4/24 - b**3/2 - 166*b**2. Suppose -2*r - t = 17, r - t + 0*t = -4. Calculate k(r).
4
Let h(z) = 5*z**2 + z - 2. Let i(m) be the second derivative of -m**4/2 - m**3/3 + m**2/2 - 7*m. Let o(u) = -5*h(u) - 4*i(u). Give o(5).
-4
Let v(n) = 11*n - 84. Let o be (-13)/((-1040)/(-30)) - (-67)/8. Calculate v(o).
4
Let j(y) = -11*y**3 + 43*y**2 - 24*y - 35. Let g(f) = 7*f**3 - 28*f**2 + 16*f + 23. Let n(t) = 8*g(t) + 5*j(t). Give n(8).
9
Let a(t) be the first derivative of -6*t**2 + t - 75. Determine a(-1).
13
Let w be (1 - -1)*(-3 + 5). Let z = -11 - -13. Let h(u) = -1 - 2 + u + 2 - z. Calculate h(w).
1
Let j(p) be the second derivative of -7*p**3/3 - 65*p - 2. Give j(-1).
14
Let k(i) = 6*i - 48. Let z be k(7). Let m(l) = 2 - l**2 - 17*l + 1 + 12*l - 4. What is m(z)?
-7
Let z(i) = -i**2 + 3*i + 5. Let f(u) = 2*u**2 - 3*u - 6. Let w(l) = -2*f(l) - 3*z(l). Let k = -74 - -72. Determine w(k).
-1
Let h(f) = -7*f - 1. Let x = -21 - -32. Suppose x*m + 2 = -9. Calculate h(m).
6
Suppose 0 = 4*n - 7*n. Let k(d) = -d**2 - 125*d + 13. Let r(y) = -21*y + 1. Let b(t) = k(t) - 6*r(t). Give b(n).
7
Suppose 0 = 3*s + 4*r - r - 12, -3*r = -3. Let t(w) = 9 + w**s - 5*w - 7*w**2 - 6 + 10*w. Give t(6).
-3
Let n(f) = 3*f - 6 - 1 - 6*f + 4. Give n(4).
-15
Let r be ((-3)/(-2))/(9/(-30)). Let q(k) be the first derivative of -7*k**2/2 - 5*k - 2. Let z(v) = -10*v - 8. Let b(n) = -7*q(n) + 5*z(n). Determine b(r).
0
Let f be (-7 + 6)*(1 